{"id":287,"date":"2025-04-20T15:16:28","date_gmt":"2025-04-20T13:16:28","guid":{"rendered":"http:\/\/3.23.22.20\/?post_type=product&#038;p=287"},"modified":"2025-04-20T15:16:36","modified_gmt":"2025-04-20T13:16:36","slug":"red-dot-laser-rojo-js-tactical","status":"publish","type":"product","link":"https:\/\/lobos.uno\/?product=red-dot-laser-rojo-js-tactical","title":{"rendered":"RED DOT LASER ROJO JS-TACTICAL"},"content":{"rendered":"<p>La marca <strong>JS-Tactical<\/strong> nos presenta este <a href=\"\/categoria-producto\/accesorios\"><strong>red dot<\/strong><\/a> muy pr\u00e1ctico ya que <strong>podr\u00e1s regular la intensidad de la luz e incorpora l\u00e1ser rojo. Adem\u00e1s de ser muy funcional, cambiar\u00e1 totalmente la est\u00e9tica de tu <a href=\"\/categoria-producto\/hidrogel\">r\u00e9plica<\/a>.<\/strong><\/p>\n<p><strong>Caracter\u00edsticas<\/strong>:<\/p>\n<p>&#8211; Full metal<\/p>\n<p>&#8211; Color: negro<\/p>\n<p>&#8211; Marca: JS-Tactical<\/p>\n<p>&#8211; Intensidad de la luz ajustable l\u00e1ser rojo<\/p>\n<p>&#8211; Ajuste de elevaci\u00f3n y deriva<\/p>\n<p>&#8211; Ajustable para riel est\u00e1ndar de 20 mm con liberaci\u00f3n r\u00e1pida<\/p>\n<p>&#8211; Funciona con 1 pila CR123A (incluida)<\/p>\n<p>&#8211; Longitud:148 mm<\/p>\n<p>&#8211; Peso: 380 g<\/p>\n<p><a href=\"https:\/\/tiktok.com@nordicos.shop\"><strong>CLICK AQU\u00cd PARA VER VIDEO<\/strong><\/a><\/p>\n","protected":false},"excerpt":{"rendered":"<p>La marca JS-Tactical nos presenta este red dot muy pr\u00e1ctico ya que podr\u00e1s regular la intensidad de la luz e incorpora l\u00e1ser rojo. Adem\u00e1s de ser muy funcional, cambiar\u00e1 totalmente la est\u00e9tica de tu r\u00e9plica. Caracter\u00edsticas: &#8211; Full metal &#8211; Color: negro &#8211; Marca: JS-Tactical &#8211; Intensidad de la luz ajustable l\u00e1ser rojo &#8211; Ajuste [&hellip;]<\/p>\n","protected":false},"featured_media":329,"comment_status":"open","ping_status":"closed","template":"","meta":[],"product_brand":[],"product_cat":[35],"product_tag":[],"class_list":{"0":"post-287","1":"product","2":"type-product","3":"status-publish","4":"has-post-thumbnail","6":"product_cat-visores","8":"first","9":"instock","10":"shipping-taxable","11":"purchasable","12":"product-type-simple"},"_links":{"self":[{"href":"https:\/\/lobos.uno\/index.php?rest_route=\/wp\/v2\/product\/287","targetHints":{"allow":["GET"]}}],"collection":[{"href":"https:\/\/lobos.uno\/index.php?rest_route=\/wp\/v2\/product"}],"about":[{"href":"https:\/\/lobos.uno\/index.php?rest_route=\/wp\/v2\/types\/product"}],"replies":[{"embeddable":true,"href":"https:\/\/lobos.uno\/index.php?rest_route=%2Fwp%2Fv2%2Fcomments&post=287"}],"wp:featuredmedia":[{"embeddable":true,"href":"https:\/\/lobos.uno\/index.php?rest_route=\/wp\/v2\/media\/329"}],"wp:attachment":[{"href":"https:\/\/lobos.uno\/index.php?rest_route=%2Fwp%2Fv2%2Fmedia&parent=287"}],"wp:term":[{"taxonomy":"product_brand","embeddable":true,"href":"https:\/\/lobos.uno\/index.php?rest_route=%2Fwp%2Fv2%2Fproduct_brand&post=287"},{"taxonomy":"product_cat","embeddable":true,"href":"https:\/\/lobos.uno\/index.php?rest_route=%2Fwp%2Fv2%2Fproduct_cat&post=287"},{"taxonomy":"product_tag","embeddable":true,"href":"https:\/\/lobos.uno\/index.php?rest_route=%2Fwp%2Fv2%2Fproduct_tag&post=287"}],"curies":[{"name":"wp","href":"https:\/\/api.w.org\/{rel}","templated":true}]}}