{"id":307,"date":"2025-04-20T15:16:30","date_gmt":"2025-04-20T13:16:30","guid":{"rendered":"http:\/\/3.23.22.20\/?post_type=product&#038;p=307"},"modified":"2025-04-20T15:17:16","modified_gmt":"2025-04-20T13:17:16","slug":"scar-premium-de-hidrogel","status":"publish","type":"product","link":"https:\/\/lobos.uno\/?product=scar-premium-de-hidrogel","title":{"rendered":"SCAR PREMIUM DE HIDROGEL"},"content":{"rendered":"<p>Con el <a href=\"\/categoria-producto\/hidrogel\"><strong>Scar Premium de Hidrogel<\/strong><\/a>, tendr\u00e1s en tus manos el modelo m\u00e1s realista para que disfrutes de la adrenalina al aire libre.<\/p>\n<p>Disfruta lanzando bolitas de hidrogel de forma autom\u00e1tica y manual desde 20 metros de distancia, te sentir\u00e1s como si el juego fuese real.<\/p>\n<p>El modelo <strong>Scar Premium de hidrogel<\/strong> est\u00e1 dise\u00f1ado de manera realista para que los jugadores aficionados la disfruten al m\u00e1ximo.<\/p>\n<p>La <strong>Scar Premium de hidrogel<\/strong><strong>\u00a0<\/strong>cuenta con todos los accesorios para los m\u00e1s exigentes que quieran sentirse como unos expertos manejando una r\u00e9plica de hidrogel.<\/p>\n<p>\u00bfVas a perder la oportunidad de tener en tus manos en esta navidad la <strong>Scar Premium de hidrogel <\/strong>para que simules tu juego favorito o revivir los recuerdos de la infancia?<\/p>\n<p><strong>INCLUYE CON LA COMPRA DE MI SCAR PREMIUM DE HIDROGEL\u00a0<\/strong><\/p>\n<p>&#8211; 10000 Balines de hidrogel<\/p>\n<p>&#8211; Mira telesc\u00f3pica<\/p>\n<p>&#8211; Mira hologr\u00e1fica con luz (verde)<\/p>\n<p>&#8211; Culata<\/p>\n<p>&#8211; Cargador USB<\/p>\n<p>&#8211; Bater\u00eda de litio recargable 7.4V 1200 mAh<\/p>\n<p>&#8211; Estabilizador frontal<\/p>\n<p>&#8211; Lentes de seguridad<\/p>\n<p>&#8211; Porta balines de hidrogel<\/p>\n<p>&#8211; Correa de sujeci\u00f3n<\/p>\n<p><strong>REGALO (UNIDADES LIMITADAS)<\/strong><\/p>\n<p>&#8211; Silenciador con luz RGB (Recargable)<\/p>\n<p>&#8211; Apuntador l\u00e1ser<\/p>\n<p>&#8211; 20mil bolitas de hidrogel<\/p>\n<p>\ud83d\udca5\u00a1Obt\u00e9n tu <strong>Scar Premium de hidrogel a un super precio y con env\u00edo Gr\u00e1tis a todo el Per\u00fa!\ud83d\udca5<\/strong><\/p>\n<p><strong>Quieres verla en Accion? Click Aqu<\/strong><\/p>\n","protected":false},"excerpt":{"rendered":"<p>Con el Scar Premium de Hidrogel, tendr\u00e1s en tus manos el modelo m\u00e1s realista para que disfrutes de la adrenalina al aire libre. Disfruta lanzando bolitas de hidrogel de forma autom\u00e1tica y manual desde 20 metros de distancia, te sentir\u00e1s como si el juego fuese real. El modelo Scar Premium de hidrogel est\u00e1 dise\u00f1ado de [&hellip;]<\/p>\n","protected":false},"featured_media":421,"comment_status":"open","ping_status":"closed","template":"","meta":[],"product_brand":[],"product_cat":[31],"product_tag":[40,49],"class_list":{"0":"post-307","1":"product","2":"type-product","3":"status-publish","4":"has-post-thumbnail","6":"product_cat-fusil","7":"product_tag-hidrogel","8":"product_tag-premium","10":"first","11":"instock","12":"purchasable","13":"product-type-simple"},"_links":{"self":[{"href":"https:\/\/lobos.uno\/index.php?rest_route=\/wp\/v2\/product\/307","targetHints":{"allow":["GET"]}}],"collection":[{"href":"https:\/\/lobos.uno\/index.php?rest_route=\/wp\/v2\/product"}],"about":[{"href":"https:\/\/lobos.uno\/index.php?rest_route=\/wp\/v2\/types\/product"}],"replies":[{"embeddable":true,"href":"https:\/\/lobos.uno\/index.php?rest_route=%2Fwp%2Fv2%2Fcomments&post=307"}],"wp:featuredmedia":[{"embeddable":true,"href":"https:\/\/lobos.uno\/index.php?rest_route=\/wp\/v2\/media\/421"}],"wp:attachment":[{"href":"https:\/\/lobos.uno\/index.php?rest_route=%2Fwp%2Fv2%2Fmedia&parent=307"}],"wp:term":[{"taxonomy":"product_brand","embeddable":true,"href":"https:\/\/lobos.uno\/index.php?rest_route=%2Fwp%2Fv2%2Fproduct_brand&post=307"},{"taxonomy":"product_cat","embeddable":true,"href":"https:\/\/lobos.uno\/index.php?rest_route=%2Fwp%2Fv2%2Fproduct_cat&post=307"},{"taxonomy":"product_tag","embeddable":true,"href":"https:\/\/lobos.uno\/index.php?rest_route=%2Fwp%2Fv2%2Fproduct_tag&post=307"}],"curies":[{"name":"wp","href":"https:\/\/api.w.org\/{rel}","templated":true}]}}