{"id":366,"date":"2025-04-20T15:16:53","date_gmt":"2025-04-20T13:16:53","guid":{"rendered":"http:\/\/3.23.22.20\/?post_type=product&#038;p=366"},"modified":"2025-04-20T15:17:33","modified_gmt":"2025-04-20T13:17:33","slug":"g36c-fusil-de-asalto-de-hidrogel","status":"publish","type":"product","link":"https:\/\/lobos.uno\/?product=g36c-fusil-de-asalto-de-hidrogel","title":{"rendered":"G36C FUSIL DE ASALTO DE HIDROGEL"},"content":{"rendered":"<p><strong>La<a href=\"\/categoria-producto\/hidrogel\"> G36C Fusil de Asalto de Hidrogel<\/a>. Dise\u00f1ada para ofrecer una experiencia de juego realista y emocionante, esta Fusil de asalto de hidrogel es perfecta para los amantes de la adrenalina en el campo de batalla.<\/strong><\/p>\n<p><strong>Caracter\u00edsticas Destacadas del <a href=\"https:\/\/tiktok.com\/@nordicos.shop\">G36C Fusil de Asalto<\/a>:<\/strong><\/p>\n<ul>\n<li><strong>Dise\u00f1o Elegante:<\/strong> Disponible en negro o camello para un estilo \u00fanico.<\/li>\n<li><strong>Manejabilidad \u00d3ptima:<\/strong>\u00a0Longitud total de 62 cm para movimientos r\u00e1pidos y precisos.<\/li>\n<li><strong>Culata Plegable:<\/strong>\u00a0Mejora el agarre y proporciona estabilidad durante los tiroteos.<\/li>\n<li><strong>Miras Avanzadas:<\/strong>\u00a0Incluye mirilla hologr\u00e1fica doble y mira de punto rojo para una punter\u00eda precisa.<\/li>\n<li><strong>Modo Autom\u00e1tico:<\/strong>\u00a0Dispara r\u00e1fagas de bolas de gel con rapidez y eficacia.<\/li>\n<li><strong>Versatilidad de Munici\u00f3n:<\/strong>\u00a0Cargador est\u00e1ndar y de tambor para opciones variadas.<\/li>\n<\/ul>\n<ul>\n<li><strong>Incluye:<\/strong><\/li>\n<li>x2 Paquete 5mil balines de hidrogel<\/li>\n<li>x1 Mirilla hologr\u00e1fica, 2 en 1 (x1 mirilla punto verde)<\/li>\n<li>x1 Cargador Tambor<\/li>\n<li>x1 Cargador normal<\/li>\n<li>x1 Bater\u00eda 11.1V<\/li>\n<li>x1 Culata plegable<\/li>\n<li>x1 G36C Fusil de Asalto de hidrogel<\/li>\n<li>x1 Gafas de Protecci\u00f3n<\/li>\n<li>x1 Boquilla Naranja<\/li>\n<li>x1 Correa negra<\/li>\n<li>x1 Manual de Instrucciones en Castellano<\/li>\n<\/ul>\n","protected":false},"excerpt":{"rendered":"<p>La G36C Fusil de Asalto de Hidrogel. Dise\u00f1ada para ofrecer una experiencia de juego realista y emocionante, esta Fusil de asalto de hidrogel es perfecta para los amantes de la adrenalina en el campo de batalla. Caracter\u00edsticas Destacadas del G36C Fusil de Asalto: Dise\u00f1o Elegante: Disponible en negro o camello para un estilo \u00fanico. Manejabilidad [&hellip;]<\/p>\n","protected":false},"featured_media":462,"comment_status":"open","ping_status":"closed","template":"","meta":[],"product_brand":[],"product_cat":[31],"product_tag":[],"class_list":{"0":"post-366","1":"product","2":"type-product","3":"status-publish","4":"has-post-thumbnail","6":"product_cat-fusil","8":"first","9":"instock","10":"purchasable","11":"product-type-simple"},"_links":{"self":[{"href":"https:\/\/lobos.uno\/index.php?rest_route=\/wp\/v2\/product\/366","targetHints":{"allow":["GET"]}}],"collection":[{"href":"https:\/\/lobos.uno\/index.php?rest_route=\/wp\/v2\/product"}],"about":[{"href":"https:\/\/lobos.uno\/index.php?rest_route=\/wp\/v2\/types\/product"}],"replies":[{"embeddable":true,"href":"https:\/\/lobos.uno\/index.php?rest_route=%2Fwp%2Fv2%2Fcomments&post=366"}],"wp:featuredmedia":[{"embeddable":true,"href":"https:\/\/lobos.uno\/index.php?rest_route=\/wp\/v2\/media\/462"}],"wp:attachment":[{"href":"https:\/\/lobos.uno\/index.php?rest_route=%2Fwp%2Fv2%2Fmedia&parent=366"}],"wp:term":[{"taxonomy":"product_brand","embeddable":true,"href":"https:\/\/lobos.uno\/index.php?rest_route=%2Fwp%2Fv2%2Fproduct_brand&post=366"},{"taxonomy":"product_cat","embeddable":true,"href":"https:\/\/lobos.uno\/index.php?rest_route=%2Fwp%2Fv2%2Fproduct_cat&post=366"},{"taxonomy":"product_tag","embeddable":true,"href":"https:\/\/lobos.uno\/index.php?rest_route=%2Fwp%2Fv2%2Fproduct_tag&post=366"}],"curies":[{"name":"wp","href":"https:\/\/api.w.org\/{rel}","templated":true}]}}