{"id":486,"date":"2025-04-20T15:17:40","date_gmt":"2025-04-20T13:17:40","guid":{"rendered":"http:\/\/3.23.22.20\/?post_type=product&#038;p=486"},"modified":"2025-04-20T15:19:35","modified_gmt":"2025-04-20T13:19:35","slug":"dragonpro-dp-l11-019-11-1v-1450mah-30c-lipo-111","status":"publish","type":"product","link":"https:\/\/lobos.uno\/?product=dragonpro-dp-l11-019-11-1v-1450mah-30c-lipo-111","title":{"rendered":"DRAGONPRO DP-L11-019 11.1V 1450mAh 30C LiPO (1+1+1)"},"content":{"rendered":"<p>Descripci\u00f3n de DRAGONPRO DP-L11-019 11.1V 1450mAh 30C LiPO (1+1+1) 115&#215;16.5x7mm<\/p>\n<p><a href=\"\/categoria-producto\/accesorios\">Bater\u00eda<\/a> de pol\u00edmero de litio de alta capacidad y rendimiento para airsoft y otros dispositivos electr\u00f3nicos. Con una capacidad de 11.1V y 1450mAh, esta bater\u00eda proporciona una potencia constante y duradera para tus equipos. Adem\u00e1s, su dise\u00f1o compacto de 115&#215;16.5x7mm la hace f\u00e1cil de transportar y almacenar.<\/p>\n<p>\u00b7 Bater\u00eda LiPO DragonPro DP-L11-019<\/p>\n<p>\u00b7 Voltaje: 11.1V<\/p>\n<p>\u00b7 Capacidad: 1450mAh<\/p>\n<p>\u00b7 Velocidad de descarga: 30C<\/p>\n<p>\u00b7 Dimensiones: 115&#215;16.5x7mm (largo x ancho x alto) x 3<\/p>\n<p>\u00b7 Conector: Mini Tamiya<\/p>\n","protected":false},"excerpt":{"rendered":"<p>Descripci\u00f3n de DRAGONPRO DP-L11-019 11.1V 1450mAh 30C LiPO (1+1+1) 115&#215;16.5x7mm Bater\u00eda de pol\u00edmero de litio de alta capacidad y rendimiento para airsoft y otros dispositivos electr\u00f3nicos. Con una capacidad de 11.1V y 1450mAh, esta bater\u00eda proporciona una potencia constante y duradera para tus equipos. Adem\u00e1s, su dise\u00f1o compacto de 115&#215;16.5x7mm la hace f\u00e1cil de transportar [&hellip;]<\/p>\n","protected":false},"featured_media":677,"comment_status":"open","ping_status":"closed","template":"","meta":[],"product_brand":[],"product_cat":[34],"product_tag":[],"class_list":{"0":"post-486","1":"product","2":"type-product","3":"status-publish","4":"has-post-thumbnail","6":"product_cat-baterias","8":"first","9":"instock","10":"shipping-taxable","11":"purchasable","12":"product-type-simple"},"_links":{"self":[{"href":"https:\/\/lobos.uno\/index.php?rest_route=\/wp\/v2\/product\/486","targetHints":{"allow":["GET"]}}],"collection":[{"href":"https:\/\/lobos.uno\/index.php?rest_route=\/wp\/v2\/product"}],"about":[{"href":"https:\/\/lobos.uno\/index.php?rest_route=\/wp\/v2\/types\/product"}],"replies":[{"embeddable":true,"href":"https:\/\/lobos.uno\/index.php?rest_route=%2Fwp%2Fv2%2Fcomments&post=486"}],"wp:featuredmedia":[{"embeddable":true,"href":"https:\/\/lobos.uno\/index.php?rest_route=\/wp\/v2\/media\/677"}],"wp:attachment":[{"href":"https:\/\/lobos.uno\/index.php?rest_route=%2Fwp%2Fv2%2Fmedia&parent=486"}],"wp:term":[{"taxonomy":"product_brand","embeddable":true,"href":"https:\/\/lobos.uno\/index.php?rest_route=%2Fwp%2Fv2%2Fproduct_brand&post=486"},{"taxonomy":"product_cat","embeddable":true,"href":"https:\/\/lobos.uno\/index.php?rest_route=%2Fwp%2Fv2%2Fproduct_cat&post=486"},{"taxonomy":"product_tag","embeddable":true,"href":"https:\/\/lobos.uno\/index.php?rest_route=%2Fwp%2Fv2%2Fproduct_tag&post=486"}],"curies":[{"name":"wp","href":"https:\/\/api.w.org\/{rel}","templated":true}]}}