{"id":487,"date":"2025-04-20T15:17:40","date_gmt":"2025-04-20T13:17:40","guid":{"rendered":"http:\/\/3.23.22.20\/?post_type=product&#038;p=487"},"modified":"2025-04-20T15:19:39","modified_gmt":"2025-04-20T13:19:39","slug":"mochila-tactica-militar-impermeable-de-40l","status":"publish","type":"product","link":"https:\/\/lobos.uno\/?product=mochila-tactica-militar-impermeable-de-40l","title":{"rendered":"MOCHILA T\u00c1CTICA MILITAR IMPERMEABLE DE 40L"},"content":{"rendered":"<p>\u2714\ufe0fPresentamos el ep\u00edtome de la elegancia robusta: nuestra mochila militar t\u00e1ctica de 40 litros dise\u00f1ada con precisi\u00f3n y dise\u00f1ada para el esp\u00edritu aventurero que lleva dentro.<\/p>\n<p>Mejore su experiencia al aire libre con una mochila t\u00e1ctica militar que combina a la perfecci\u00f3n durabilidad y estilo, estableciendo el est\u00e1ndar de excelencia.<\/p>\n<p>\u2714\ufe0f Fabricada con material de poli\u00e9ster 600D de alto rendimiento, esta mochila t\u00e1ctica militar no es solo un accesorio; es un testimonio de resiliencia.<\/p>\n<p>La naturaleza robusta del tejido garantiza que su mochila t\u00e1ctica militar pueda soportar las condiciones m\u00e1s duras, lo que la convierte en su compa\u00f1ero de confianza en cada expedici\u00f3n.<\/p>\n<p>\u2714\ufe0f Con una generosa capacidad de 40 litros, esta maravillosa mochila t\u00e1ctica militar brinda amplio espacio para todos tus elementos esenciales, ya sea para una escapada de fin de semana o una misi\u00f3n prolongada.<\/p>\n<p>Los m\u00faltiples compartimentos y bolsillos ofrecen una organizaci\u00f3n estrat\u00e9gica, lo que le permite acceder sin esfuerzo a su equipo cuando el deber lo exige.<\/p>\n<p>\u2714\ufe0f El dise\u00f1o irradia una fusi\u00f3n perfecta de forma y funci\u00f3n. Meticulosamente dise\u00f1adas para brindar comodidad, las correas ajustables para los hombros y el panel trasero acolchado garantizan un ajuste c\u00f3modo, lo que garantiza que se mantenga c\u00f3modo incluso durante viajes prolongados. La correa Molle a\u00f1ade un toque de versatilidad, permiti\u00e9ndote personalizar tu mochila con accesorios adicionales.<\/p>\n<p>\u2714\ufe0f Emb\u00e1rcate en tus aventuras con confianza, sabiendo que cada puntada y detalle ha sido cuidadosamente dise\u00f1ado para tu comodidad y placer. Ya sea que sea un explorador experimentado o un vagabundo casual, esta mochila militar t\u00e1ctica de 40 Litros es su boleto para un rendimiento incomparable y un estilo atemporal. <strong>No es s\u00f3lo una mochila; es una declaraci\u00f3n de su compromiso con la calidad y la b\u00fasqueda de lo extraordinario.<\/strong><\/p>\n<p><a href=\"https:\/\/lobos.fun\/producto\/mochila-oakley-de-lona-color-camuflado\/\"><strong>ESPECIFICACIONES de la MOCHILA TACTICA MILITAR DE 40L<\/strong>:<\/a><\/p>\n<p>Tama\u00f1o: 19,6 pulgadas x 12,2 pulgadas x 6,2 pulgadas<\/p>\n<p>Material: poli\u00e9ster 600D<\/p>\n","protected":false},"excerpt":{"rendered":"<p>\u2714\ufe0fPresentamos el ep\u00edtome de la elegancia robusta: nuestra mochila militar t\u00e1ctica de 40 litros dise\u00f1ada con precisi\u00f3n y dise\u00f1ada para el esp\u00edritu aventurero que lleva dentro. Mejore su experiencia al aire libre con una mochila t\u00e1ctica militar que combina a la perfecci\u00f3n durabilidad y estilo, estableciendo el est\u00e1ndar de excelencia. \u2714\ufe0f Fabricada con material de [&hellip;]<\/p>\n","protected":false},"featured_media":678,"comment_status":"open","ping_status":"closed","template":"","meta":[],"product_brand":[],"product_cat":[47],"product_tag":[57,58],"class_list":{"0":"post-487","1":"product","2":"type-product","3":"status-publish","4":"has-post-thumbnail","6":"product_cat-mochilas","7":"product_tag-militar","8":"product_tag-mochila-tactica","10":"first","11":"instock","12":"shipping-taxable","13":"purchasable","14":"product-type-simple"},"_links":{"self":[{"href":"https:\/\/lobos.uno\/index.php?rest_route=\/wp\/v2\/product\/487","targetHints":{"allow":["GET"]}}],"collection":[{"href":"https:\/\/lobos.uno\/index.php?rest_route=\/wp\/v2\/product"}],"about":[{"href":"https:\/\/lobos.uno\/index.php?rest_route=\/wp\/v2\/types\/product"}],"replies":[{"embeddable":true,"href":"https:\/\/lobos.uno\/index.php?rest_route=%2Fwp%2Fv2%2Fcomments&post=487"}],"wp:featuredmedia":[{"embeddable":true,"href":"https:\/\/lobos.uno\/index.php?rest_route=\/wp\/v2\/media\/678"}],"wp:attachment":[{"href":"https:\/\/lobos.uno\/index.php?rest_route=%2Fwp%2Fv2%2Fmedia&parent=487"}],"wp:term":[{"taxonomy":"product_brand","embeddable":true,"href":"https:\/\/lobos.uno\/index.php?rest_route=%2Fwp%2Fv2%2Fproduct_brand&post=487"},{"taxonomy":"product_cat","embeddable":true,"href":"https:\/\/lobos.uno\/index.php?rest_route=%2Fwp%2Fv2%2Fproduct_cat&post=487"},{"taxonomy":"product_tag","embeddable":true,"href":"https:\/\/lobos.uno\/index.php?rest_route=%2Fwp%2Fv2%2Fproduct_tag&post=487"}],"curies":[{"name":"wp","href":"https:\/\/api.w.org\/{rel}","templated":true}]}}