{"id":707,"date":"2025-04-20T15:19:53","date_gmt":"2025-04-20T13:19:53","guid":{"rendered":"http:\/\/3.23.22.20\/?post_type=product&#038;p=707"},"modified":"2026-04-05T05:20:16","modified_gmt":"2026-04-05T03:20:16","slug":"1911-special-metal-6mm-gun","status":"publish","type":"product","link":"https:\/\/lobos.uno\/?product=1911-special-metal-6mm-gun","title":{"rendered":"1911 SPECIAL METAL 6mm GUN"},"content":{"rendered":"<p>Modelo 1911 Metal especial creado por WinGun con el logotipo de Rossi impreso en el mango.<\/p>\n<p>La pistola de presi\u00f3n Co2 tiene un gran acabado y dise\u00f1o.<\/p>\n<p>Marco construido en pol\u00edmero con unos pocos zigrinatos en su mango para una mejor firmeza en la mano. Partes de metal.<\/p>\n<p>Tiene bloqueo de gatillo, cacerina para 16 BBs que tambi\u00e9n acopla el Co2.<\/p>\n<p>Riel Picatinny de 20 mm para fijar la linterna o el l\u00e1ser de su elecci\u00f3n.<\/p>\n<p>Solo un modo de disparo \u00fanico, siendo disparado por disparo que da como resultado disparos de velocidad media 460 FPS con BBs 0.20g.<\/p>\n<p>Rendimiento de disparo mucho m\u00e1s alto que las pistolas GBB, proporcionando un rango de m\u00e1s de 70 disparos con 1 cilindro de Co2 12g.<\/p>\n<p>CARACTER\u00cdSTICAS:<\/p>\n<p>Fabricante: WinGun<\/p>\n<p>Modelo: 1911 Metal Especial<\/p>\n<p>Calibre: 6mm<\/p>\n<p>Peso: 750g<\/p>\n<p>Color: Negro y Plata<\/p>\n<p>Longitud: 22.4cm aproximadamente<\/p>\n<p>Tipo de tuber\u00eda: Acero, sin rayas.<\/p>\n<p>Modo de Disparo: Disparos<\/p>\n<p>Acci\u00f3n: Solo doble<\/p>\n<p>Cacerina: Para 16 esferas, con compartimento para CO2<\/p>\n<p>Propulsi\u00f3n: Co2 12g<\/p>\n<p>Potencia: 460 fps<\/p>\n<p>Tipo de munici\u00f3n: esferas de 6 mm<\/p>\n<p>Cerraduras: Disparador y Diapositiva Vistas: Fijo<\/p>\n<p>Escala 1:1<\/p>\n<p>Regalo:<\/p>\n<p>20 &#8211; Papel Objetivo 14&#215;14 cm<\/p>\n<p>05 &#8211; C\u00e1psulas de CO2<\/p>\n","protected":false},"excerpt":{"rendered":"<p>Modelo 1911 Metal especial creado por WinGun con el logotipo de Rossi impreso en el mango. La pistola de presi\u00f3n Co2 tiene un gran acabado y dise\u00f1o. Marco construido en pol\u00edmero con unos pocos zigrinatos en su mango para una mejor firmeza en la mano. Partes de metal. Tiene bloqueo de gatillo, cacerina para 16 [&hellip;]<\/p>\n","protected":false},"featured_media":791,"comment_status":"open","ping_status":"closed","template":"","meta":[],"product_brand":[],"product_cat":[42],"product_tag":[],"class_list":{"0":"post-707","1":"product","2":"type-product","3":"status-publish","4":"has-post-thumbnail","6":"product_cat-pistolas-airsoft","8":"first","9":"instock","10":"sale","11":"shipping-taxable","12":"purchasable","13":"product-type-simple"},"_links":{"self":[{"href":"https:\/\/lobos.uno\/index.php?rest_route=\/wp\/v2\/product\/707","targetHints":{"allow":["GET"]}}],"collection":[{"href":"https:\/\/lobos.uno\/index.php?rest_route=\/wp\/v2\/product"}],"about":[{"href":"https:\/\/lobos.uno\/index.php?rest_route=\/wp\/v2\/types\/product"}],"replies":[{"embeddable":true,"href":"https:\/\/lobos.uno\/index.php?rest_route=%2Fwp%2Fv2%2Fcomments&post=707"}],"wp:featuredmedia":[{"embeddable":true,"href":"https:\/\/lobos.uno\/index.php?rest_route=\/wp\/v2\/media\/791"}],"wp:attachment":[{"href":"https:\/\/lobos.uno\/index.php?rest_route=%2Fwp%2Fv2%2Fmedia&parent=707"}],"wp:term":[{"taxonomy":"product_brand","embeddable":true,"href":"https:\/\/lobos.uno\/index.php?rest_route=%2Fwp%2Fv2%2Fproduct_brand&post=707"},{"taxonomy":"product_cat","embeddable":true,"href":"https:\/\/lobos.uno\/index.php?rest_route=%2Fwp%2Fv2%2Fproduct_cat&post=707"},{"taxonomy":"product_tag","embeddable":true,"href":"https:\/\/lobos.uno\/index.php?rest_route=%2Fwp%2Fv2%2Fproduct_tag&post=707"}],"curies":[{"name":"wp","href":"https:\/\/api.w.org\/{rel}","templated":true}]}}