{"id":927,"date":"2025-05-03T15:09:53","date_gmt":"2025-05-03T13:09:53","guid":{"rendered":"https:\/\/lobos.uno\/?post_type=product&#038;p=927"},"modified":"2025-11-09T22:41:50","modified_gmt":"2025-11-09T21:41:50","slug":"pistola-glock-19-umarex-gen-5-negra","status":"publish","type":"product","link":"https:\/\/lobos.uno\/?product=pistola-glock-19-umarex-gen-5-negra","title":{"rendered":"PISTOLA GLOCK 19 UMAREX GEN 5 NEGRA"},"content":{"rendered":"<p>REPLICA GBB PISTOLA GLOCK 19 UMAREX GEN 5 NEGRA (BY VFC)<\/p>\n<p>Espectacular Glock 19 de 5\u00aa Generaci\u00f3n fabricada por Vega Force para Umarex que es el propietario de las licencias originales de Glock.<\/p>\n<p>Fiel al modelo original cuenta con el cuerpo de pol\u00edmero de alta resistencia y la corredera met\u00e1lica. Dispone de los marcajes reales y un tacto y peso similar al modelo real.<\/p>\n<p>A nivel t\u00e9cnico cuenta con la calidad de VFC, por lo que su rendimiento es excelente y tiene una alta durabilidad. Dispara realmente bien de serie y no requiere de modificaciones o ajustes para mejorar su rendimiento.<\/p>\n<p>Sin duda es un modelo que recomendamos desde Hobby Expert tanto para coleccionismo como para jugadores que busquen una r\u00e9plica de pistola con mucha calidad, buen disparo y fiabilidad.<\/p>\n<p>Calibre: 6mm (airsoft)<\/p>\n<p>Tipo r\u00e9plica: pistola GBB<\/p>\n<p>Serie r\u00e9plica: Glock 19 Gen 5<\/p>\n<p>Material cuerpo: pol\u00edmero reforzado<\/p>\n<p>Material corredera: metal<\/p>\n<p>Ra\u00edles: si, Picatinny bajo el ca\u00f1\u00f3n<\/p>\n<p>Blowback: si<\/p>\n<p>Recoil: si<\/p>\n<p>FPS: ~330 con Green Gas a 26\u00baC<\/p>\n<p>Longitud: 185mm<\/p>\n<p>Peso: 612gr<\/p>\n<p>Hop-up ajustable (quitando la corredera se accede a la regulaci\u00f3n)<\/p>\n<p>Color: negro<\/p>\n<p>Se recomienda el uso de Green Gas<\/p>\n<p>Dispone de n\u00famero de serie \u00fanico grabado en la f\u00e1brica<\/p>\n<p>Cargador incluido: 1 unidad de cargador de GAS (botella de gas no incluida)<\/p>\n<p>Capacidad del cargador: 19 BBS<\/p>\n<p>&nbsp;<\/p>\n","protected":false},"excerpt":{"rendered":"<p>REPLICA GBB PISTOLA GLOCK 19 UMAREX GEN 5 NEGRA (BY VFC) Espectacular Glock 19 de 5\u00aa Generaci\u00f3n fabricada por Vega Force para Umarex que es el propietario de las licencias originales de Glock. Fiel al modelo original cuenta con el cuerpo de pol\u00edmero de alta resistencia y la corredera met\u00e1lica. Dispone de los marcajes reales [&hellip;]<\/p>\n","protected":false},"featured_media":928,"comment_status":"open","ping_status":"closed","template":"","meta":[],"product_brand":[79],"product_cat":[42],"product_tag":[43,39],"class_list":{"0":"post-927","1":"product","2":"type-product","3":"status-publish","4":"has-post-thumbnail","6":"product_brand-umarex","7":"product_cat-pistolas-airsoft","8":"product_tag-airsoft","9":"product_tag-glock","11":"first","12":"instock","13":"sale","14":"shipping-taxable","15":"purchasable","16":"product-type-simple"},"_links":{"self":[{"href":"https:\/\/lobos.uno\/index.php?rest_route=\/wp\/v2\/product\/927","targetHints":{"allow":["GET"]}}],"collection":[{"href":"https:\/\/lobos.uno\/index.php?rest_route=\/wp\/v2\/product"}],"about":[{"href":"https:\/\/lobos.uno\/index.php?rest_route=\/wp\/v2\/types\/product"}],"replies":[{"embeddable":true,"href":"https:\/\/lobos.uno\/index.php?rest_route=%2Fwp%2Fv2%2Fcomments&post=927"}],"wp:featuredmedia":[{"embeddable":true,"href":"https:\/\/lobos.uno\/index.php?rest_route=\/wp\/v2\/media\/928"}],"wp:attachment":[{"href":"https:\/\/lobos.uno\/index.php?rest_route=%2Fwp%2Fv2%2Fmedia&parent=927"}],"wp:term":[{"taxonomy":"product_brand","embeddable":true,"href":"https:\/\/lobos.uno\/index.php?rest_route=%2Fwp%2Fv2%2Fproduct_brand&post=927"},{"taxonomy":"product_cat","embeddable":true,"href":"https:\/\/lobos.uno\/index.php?rest_route=%2Fwp%2Fv2%2Fproduct_cat&post=927"},{"taxonomy":"product_tag","embeddable":true,"href":"https:\/\/lobos.uno\/index.php?rest_route=%2Fwp%2Fv2%2Fproduct_tag&post=927"}],"curies":[{"name":"wp","href":"https:\/\/api.w.org\/{rel}","templated":true}]}}