{"id":979,"date":"2025-07-19T14:33:12","date_gmt":"2025-07-19T12:33:12","guid":{"rendered":"https:\/\/lobos.uno\/?post_type=product&#038;p=979"},"modified":"2025-11-09T22:41:50","modified_gmt":"2025-11-09T21:41:50","slug":"pistola-de-airsoft-electrica-desert-eagle-cm121","status":"publish","type":"product","link":"https:\/\/lobos.uno\/?product=pistola-de-airsoft-electrica-desert-eagle-cm121","title":{"rendered":"Pistola de airsoft el\u00e9ctrica Desert Eagle | CM121"},"content":{"rendered":"<p><strong>Materiales y construcci\u00f3n:<\/strong><\/p>\n<ul>\n<li>La r\u00e9plica estaba hecha de material duradero pol\u00edmero y metal.<\/li>\n<li>Las piezas met\u00e1licas incluyen la corredera y peque\u00f1os elementos como los tornillos y los elementos del cargador.<\/li>\n<li>El marco de la r\u00e9plica est\u00e1 hecho de metal.<\/li>\n<\/ul>\n<p><strong>Fuente de energ\u00eda y rendimiento:<\/strong><\/p>\n<ul>\n<li>La r\u00e9plica funciona con bateria, lo que significa que se puede utilizar f\u00e1cilmente durante los juegos de invierno.<\/li>\n<li>El Sistema <strong>Hop-Up<\/strong> es una de las mayores ventajas de esta pistola, que permite mejorar el rendimiento de la r\u00e9plica.<\/li>\n<li>Su velocidad inicial permite su uso tanto en el interior de edificios como en distancias de <strong>hasta 40m<\/strong>.<\/li>\n<\/ul>\n<p><strong>Modos de disparo y seguridad:<\/strong><\/p>\n<ul>\n<li>La construcci\u00f3n de la r\u00e9plica permite disparar semiautom\u00e1tico y full-auto modos.<\/li>\n<li>La placa selectora del modo fuego est\u00e1 ubicada en la parte trasera de la corredera, mientras que el seguro est\u00e1 en el lado derecho de la r\u00e9plica.<\/li>\n<\/ul>\n<p><strong>\u00a1Advertencia! +18 a\u00f1os.<\/strong><\/p>\n<p><strong>Incluido en el conjunto:<\/strong><\/p>\n<ul>\n<li>r\u00e9plica<\/li>\n<li>3000 BBs de 6mm de 0.20g<\/li>\n<li>cargador r\u00e1pido<\/li>\n<\/ul>\n","protected":false},"excerpt":{"rendered":"<p>Materiales y construcci\u00f3n: La r\u00e9plica estaba hecha de material duradero pol\u00edmero y metal. Las piezas met\u00e1licas incluyen la corredera y peque\u00f1os elementos como los tornillos y los elementos del cargador. El marco de la r\u00e9plica est\u00e1 hecho de metal. Fuente de energ\u00eda y rendimiento: La r\u00e9plica funciona con bateria, lo que significa que se puede [&hellip;]<\/p>\n","protected":false},"featured_media":980,"comment_status":"open","ping_status":"closed","template":"","meta":[],"product_brand":[],"product_cat":[42],"product_tag":[43],"class_list":{"0":"post-979","1":"product","2":"type-product","3":"status-publish","4":"has-post-thumbnail","6":"product_cat-pistolas-airsoft","7":"product_tag-airsoft","9":"first","10":"instock","11":"sale","12":"shipping-taxable","13":"purchasable","14":"product-type-simple"},"_links":{"self":[{"href":"https:\/\/lobos.uno\/index.php?rest_route=\/wp\/v2\/product\/979","targetHints":{"allow":["GET"]}}],"collection":[{"href":"https:\/\/lobos.uno\/index.php?rest_route=\/wp\/v2\/product"}],"about":[{"href":"https:\/\/lobos.uno\/index.php?rest_route=\/wp\/v2\/types\/product"}],"replies":[{"embeddable":true,"href":"https:\/\/lobos.uno\/index.php?rest_route=%2Fwp%2Fv2%2Fcomments&post=979"}],"wp:featuredmedia":[{"embeddable":true,"href":"https:\/\/lobos.uno\/index.php?rest_route=\/wp\/v2\/media\/980"}],"wp:attachment":[{"href":"https:\/\/lobos.uno\/index.php?rest_route=%2Fwp%2Fv2%2Fmedia&parent=979"}],"wp:term":[{"taxonomy":"product_brand","embeddable":true,"href":"https:\/\/lobos.uno\/index.php?rest_route=%2Fwp%2Fv2%2Fproduct_brand&post=979"},{"taxonomy":"product_cat","embeddable":true,"href":"https:\/\/lobos.uno\/index.php?rest_route=%2Fwp%2Fv2%2Fproduct_cat&post=979"},{"taxonomy":"product_tag","embeddable":true,"href":"https:\/\/lobos.uno\/index.php?rest_route=%2Fwp%2Fv2%2Fproduct_tag&post=979"}],"curies":[{"name":"wp","href":"https:\/\/api.w.org\/{rel}","templated":true}]}}